is d944d (base 14) in base 15?
a5822
ad472 (base 15) to base 13
163b1a
-6378a (base 15) to base 5
-40044310
-101100011100010101101 (base 2) to base 3
-2201222200002
What is -1022a5 (base 13) in base 11?
-237684
What is 5b794 (base 13) in base 16?
29154
Convert -80349 (base 14) to base 4.
-1023030031
Convert 1161187 (base 9) to base 15.
c6d4a
12122202002 (base 3) to base 11
76728
Convert -20133230401 (base 5) to base 11.
-104550a6
Convert -44a986 (base 11) to base 7.
-6045066
12000111 (base 4) to base 6
305513
What is 125216 (base 12) in base 13?
a6293
-25120421 (base 6) to base 16
-c435d
1011020102202 (base 3) to base 8
2260720
Convert 1111110011011010101 (base 2) to base 3.
222022100110
Convert 1001111000000110010 (base 2) to base 15.
65d59
-112021220010000 (base 3) to base 10
-7595532
3935a (base 12) to base 5
10001022
-77416 (base 8) to base 10
-32526
3024432444 (base 5) to base 2
10111001111100001001010
What is -210133 (base 7) in base 12?
-18a74
-10111111010111011 (base 2) to base 9
-158355
What is -105971 (base 11) in base 12?
-81889
199179 (base 12) to base 8
1561255
What is 1786099 (base 10) in base 8?
6640363
-1000972 (base 13) to base 10
-4828423
-107429a (base 11) to base 16
-1caeab
Convert -30111212 (base 4) to base 3.
-2120022122
What is -c13576 (base 15) in base 12?
-30a5386
What is 2376d (base 15) in base 6?
2231221
Convert 1a24a49 (base 11) to base 16.
342754
Convert 60443 (base 12) to base 13.
44bb9
212430 (base 5) to base 14
28d2
Convert -4438a6 (base 12) to base 4.
-10020310332
20120011111 (base 3) to base 15
28404
5876931 (base 11) to base 15
d7953e
What is 3102131201 (base 4) in base 12?
356a55
Convert -5058487 (base 9) to base 12.
-aa03b1
What is -3d490 (base 14) in base 16?
-25116
Convert -375e2 (base 15) to base 8.
-531305
100001001000000001011 (base 2) to base 12
4441a3
Convert 30401043 (base 5) to base 3.
110112212000
-750711 (base 9) to base 13
-128446
-7999447 (base 10) to base 3
-120001102011211
What is 465cac (base 15) in base 14?
636bc7
2127557 (base 8) to base 9
1056713
What is 36253330 (base 7) in base 15?
43a0e4
Convert -a3b073 (base 15) to base 12.
-2733b76
-2110212012 (base 4) to base 15
-c0516
80988 (base 10) to base 12
3aa50
3402301 (base 6) to base 4
221321131
Convert -623931 (base 10) to base 11.
-396850
Convert -1cac4 (base 13) to base 16.
-ddc7
What is -62752 (base 14) in base 13?
-840b9
What is 733783 (base 9) in base 13?
123504
Convert -5044c1 (base 13) to base 14.
-3680bc
Convert 44513450 (base 8) to base 3.
200002002021001
What is 21002433 (base 5) in base 6?
3405231
31110330303 (base 4) to base 12
1205983
8a7596 (base 11) to base 13
3b784c
What is 6400635 (base 9) in base 8?
15042120
-6760 (base 8) to base 5
-103233
What is -101101011011000100100001 (base 2) in base 10?
-11907361
Convert 14101302 (base 5) to base 8.
431120
15105244 (base 6) to base 10
522172
What is 2120079 (base 10) in base 12?
862a93
Convert -4143001 (base 5) to base 8.
-205625
What is 14960 (base 13) in base 16?
9824
What is -84936 (base 10) in base 12?
-411a0
What is 3542132 (base 10) in base 12?
1229a18
Convert 2c532 (base 15) to base 6.
3021402
-b0789 (base 16) to base 3
-1100201112022
Convert 37bed0 (base 15) to base 11.
1566273
112c2a1 (base 13) to base 16
509909
What is -101400133 (base 5) in base 11?
-266711
Convert -141322223 (base 5) to base 6.
-23350104
What is -20102002210210 (base 3) in base 4?
-30333311211
-344042323 (base 5) to base 10
-1549713
Convert -4323151 (base 8) to base 5.
-244003323
-133133323 (base 4) to base 9
-215874
What is -1122310311 (base 4) in base 7?
-3106416
a4d5 (base 16) to base 13
1628c
354638 (base 9) to base 14
57aa1
-9245 (base 13) to base 15
-5e98
What is -22212112220102 (base 3) in base 9?
-8775812
2205b (base 14) to base 9
135026
Convert -156717 (base 9) to base 14.
-273d1
-122365 (base 12) to base 15
-5c2ce
Convert 505200 (base 7) to base 15.
1a683
bb042 (base 13) to base 8
1224730
What is -100320302221 (base 4) in base 12?
-1595a61
What is 1022221011 (base 3) in base 12?
131aa
203022024 (base 5) to base 15
115c44
a016f (base 16) to base 4
2200011233
What is -241042 (base 7) in base 10?
-43591
What is 17303273 (base 8) in base 3?
21120212010021
Convert -7154 (base 12) to base 3.
-121212201
-12220001001002 (base 3) to base 16
-2fc3f3
-1500231 (base 6) to base 11
-59373
10110111111110010110000 (base 2) to base 12
2028840
Convert -3414722 (base 9) to base 7.
-21434063
What is 2620346 (base 9) in base 6?
50355023
Convert 3012320340 (base 5) to base 11.
3414512
137538 (base 9) to base 7
500462
What is f0955 (base 16) in base 15?
146ea4
-1255016 (base 8) to base 11
-21a56a
1828d (base 15) to base 3
10222021121
What is -1675956 (base 12) in base 11?
-2685766
120121221 (base 3) to base 9
16557
-22202200011 (base 3) to base 10
-172534
2331332112 (base 4) to base 5
144400014
What is 3c70ba (base 13) in base 14?
2a46d1
Convert -21b841 (base 13) to base 8.
-3024057
What is -431140334 (base 6) in base 2?
-11101000011110111100010
-11077b (base 16) to base 8
-4203573
11640537 (base 8) to base 4
21310011133
44014010 (base 5) to base 12
161802
What is 45a323 (base 12) in base 14?
210d99
333231331 (base 5) to base 16
164cda
What is -634540 (base 7) in base 14?
-2bd90
What is -2000a9 (base 13) in base 2?
-10110101010101000101
What is -65733 (base 10) in base 11?
-45428
-1111110111111010111101 (base 2) to base 12
-1488139
107211 (base 9) to base 4
33231010
Convert -21032045 (base 6) to base 7.
-5122661
Convert -2933c (base 13) to base 2.
-10010111010001101
31b334 (base 13) to base 14
2254c5
6189ad (base 14) to base 15
44e8be
20412323 (base 5) to base 8
513361
120113202223 (base 4) to base 16
6178ab
-1143121 (base 6) to base 13
-215b6
-461304 (base 7) to base 10
-82128
What is 10011001000100001001 (base 2) in base 10?
626953
1861882 (base 9) to base 11
653952
-21121222000 (base 3) to base 4
-210222003
What is 330220 (base 6) in base 7?
142410
Convert 15372085 (base 9) to base 11.
4365735
What is 6052450 (base 8) in base 15?
21775e
ff9e (base 16) to base 15
145c8
1740987 (base 12) to base 2
10010010110110101110111
-89431 (base 10) to base 13
-31924
Convert -45043115 (base 6) to base 2.
-101001011110000110111
What is -1a4c68 (base 13) in base 8?
-2430235
What is -212211220002 (base 3) in base 10?
-469397
What is -21040262 (base 7) in base 2?
-110110001001110010001
-3320003001 (base 4) to base 7
-11431050
Convert -1203041 (base 10) to base 2.
-100100101101101100001
What is -4232300 (base 5) in base 10?
-70950
Convert 6a3a4 (base 11) to base 9.
164365
14316711 (base 8) to base 3
20010012102202
79219 (base 11) to base 3
12211101012
What is -662010 (base 9) in base 12?
-1707b3
What is -2111012002021 (base 3) in base 5?
-314304332
What is -123330021 (base 4) in base 5?
-12130231
206799 (base 10) to base 3
101111200020
Convert -1a24d9 (base 14) to base 15.
-135167
-d12ad (base 16) to base 9
-1545213
What is 944754 (base 10) in base 13?
271035
What is 323221233 (base 4) in base 12?
b9493
-222012442 (base 5) to base 2
-11101100110000010011
8133a (base 12) to base 14
4538a
What is 1352b1 (base 12) in base 16?
4e265
Convert -154994 (base 15) to base 14.
-1ca9a4
What is -10bc9 (base 15) in base 14?
-155c5
2221121111 (base 3) to base 13
20554
What is -86131 (base 10) in base 13?
-30286
Convert 101540441 (base 6) to base 13.
49cb49
-101330323 (base 4) to base 10
-73531
-93421 (base 14) to base 15
-701c9
Convert 2a7a5a (base 11) to base 4.
1310332000
Convert -221405 (base 8) to base 16.
-12305
What is -1222122011002 (base 3) in base 5?
-232240302
What is -c7bbb1 (base 13) in base 12?
-1699325
-112010110 (base 3) to base 14
-3a79
Convert 30013021013 (base 4) to base 13.
8721b6
-300120200132 (base 4) to base 12
-42b7a52
-50ae9d (base 16) to base 15
-6e6a56
-100303120112 (base 4) to base 12
-1585072
Convert -3e6bd4 (base 16) to base 3.
-21200211120110
What is 25b4bd (base 16) in base 9?
4575637
What is -b2a70 (base 15) in base 11?
-357258
What is 1535212 (base 8) in base 3?
211101220020
What is 10020421411 (base 5) in base 7?
150311340
Convert 248546 (base 11) to base 2.
1011111101100100001
What is 20610464 (base 8) in base 14?
825b12
Convert 20254212 (base 6) to base 3.
1002121111222
What is 5c9874 (base 13) in base 7?